et m(a) = -a**2 - 17*a - 45. Let d be m(-14). Calculate g(d).
7
Suppose -2*p = 2*c - 226, -c = -p + 2*c + 125. Let b(x) = -121*x - 1 + 0 + p*x. Calculate b(-2).
9
Let w(x) = -13 - 16*x + 34 - 24 + 12*x - x**2. Let z(c) = c - 6. Let v be z(3). Determine w(v).
0
Let j(b) be the third derivative of b**5/60 + b**4/2 + 3*b**3/2 + 36*b**2. Calculate j(-11).
-2
Let g = -690 - -693. Let r(z) = -z**3 + 3*z**2 - 3*z. What is r(g)?
-9
Suppose 44 = 7*y - 3*y - 3*c, 0 = -2*y - 3*c + 4. Let q(k) = -k**2 + 9*k - 8. Let h be q(5). Let w(a) = -h + 2*a + 15 - 3*a. Determine w(y).
-5
Let f(a) = a**3 - 3*a**2 + 2*a - 1. Suppose -10 - 35 = -5*p. Suppose 0 = 7*d - p*d + 4. Determine f(d).
-1
Let n(z) = -z + 3. Let s(m) = -10*m - 5. Let r be s(-8). Let b be 135/r*10/3. Calculate n(b).
-3
Suppose 263 + 36 = 23*q. Suppose b + 2 = -k - 1, q = k + 5*b. Let f(u) = 2*u + 8. Give f(k).
-6
Let b(r) = r**2 + r - 13. Let w be ((-40)/25)/(-2)*5. Suppose -w*y = 3*o - 12, 5*o = -0*y - 4*y + 20. Determine b(y).
-13
Let q(n) = -n**3 - 4*n**2 + 4*n - 7. Let h be ((-2)/((2/5)/(-1)))/1. Suppose 0 = -g - 2*f - 7, g - 2 + h = 2*f. Calculate q(g).
-2
Let v(t) be the first derivative of t**3/3 - 9*t**2/2 + 5*t - 282. Let u(k) = k**2 - k + 2. Let i be u(-2). Calculate v(i).
-3
Let b(t) = -2*t - 52*t**2 + 3 - t**3 - 3 - 1 + 47*t**2. Determine b(-3).
-13
Let c(r) = 13*r**2 + r - 6. Let m(d) = 8*d**2 + d - 3. Let w(p) = -6*c(p) + 10*m(p). Determine w(-5).
36
Let n(r) be the second derivative of r**3/6 + r**2 + 13*r. Let x be n(1). Let g(u) be the second derivative of u**3/2 - 3*u**2/2 - 3*u. What is g(x)?
6
Let f(l) = 3*l - 2 + 0*l - l**2 + 3*l. Suppose -g = 4*g - 15. Let h be -4*(g - ((-20)/(-16) + 3)). Determine f(h).
3
Let f(k) = -k**2 - 3*k + 1. Let u be 3 + (-17 - (3 + 0)). Let l = 19 + u. Suppose q - 5*r - 4 = l*q, 3*q - r = -12. Give f(q).
-3
Let c = -31 - -32. Let m(k) = 2*k**2 + 2*k - 1. Determine m(c).
3
Let n(l) be the second derivative of l**4/12 + l**3/2 - 13*l**2/2 - l + 166. Calculate n(-5).
-3
Let g(a) = -a**3 + 4*a**2 + 2*a - 5. Let v(j) = j**3 + 25*j**2 + 137*j + 12. Let s be v(-8). Determine g(s).
3
Let x be ((-6)/(-15))/(5/300). Let i = 25 - x. Let b(k) = -3*k**3 + k**2 + k - 1. Determine b(i).
-2
Suppose -3*b + 6 + 3 = 0. Let s(c) = -c - b*c**2 - c + 4 + 0*c**2 + c**3. Suppose x - 18 = -5*x. Determine s(x).
-2
Suppose 5*u + 11 = 4*x - 2*x, 0 = 2*u + 2. Let b(k) = 10*k + k**2 - 8*k**3 + 11*k - 22*k + 2*k**x. Let f be (2/(-4))/(1/(-2)). Calculate b(f).
-6
Let o(w) = -w**3 + 9*w**2 - w + 11. Let t be o(9). Suppose t*q - 7*q = 0. Let r(k) = q*k - 5*k + 7*k. Give r(3).
6
Let x(q) be the third derivative of q**4/24 - q**3/6 + 3*q**2. Let m = 39 - 21. Suppose -m*v = -19*v. Give x(v).
-1
Let o be 4/14 + 130/35. Let d(a) be the second derivative of 0 - 1/2*a**3 - a**2 - 1/12*a**o + 3*a. Give d(-2).
0
Let x be (2/(-6))/((-5)/105). Let p(h) = 14*h - x*h + h**2 - 2*h**2 - 4. Suppose -16*w + 25*w = 54. Determine p(w).
2
Let x(g) = -g**3 - 6*g**2 - 7*g - 3. Let w = -63 - -53. Let v = -15 - w. What is x(v)?
7
Let b(v) = v**3 + 15*v**2 + 10*v - 3. Let u be b(-14). Suppose 0 = z + 51 - u. Let h(o) = -1 - 2*o + 1 - 1 + 5*o**2. Calculate h(z).
15
Suppose 0 = 5*x - 4*t - 9, 5*x - 2*t - 7 + 0 = 0. Let n be (-6)/6*(9 - x/1). Let y(b) = 2*b. Give y(n).
-16
Let t(q) = 4*q**3 - 2*q**2 - 7*q - 6. Let s be (6/21)/((-1)/(-7)). Suppose 6 = -4*f + s. Let i(x) = x**3 - x - 1. Let a(y) = f*t(y) + 5*i(y). What is a(-1)?
0
Let y(u) be the first derivative of u**2/2 + 2*u + 220. What is y(0)?
2
Let y(k) = 2*k - 11. Let g = -657 + 668. Calculate y(g).
11
Let a(f) = -34*f - 176. Let i be a(-5). Let q(z) = z**3 + 5*z**2 - 4*z - 6. Calculate q(i).
-18
Let r(q) = -18*q. Let k be 2/(-4)*(-1 + 3). Let x be r(k). Suppose -21*j = -x*j - 12. Let n(b) = b**3 - 4*b**2 + 2. Determine n(j).
2
Let p(i) be the first derivative of i**4/24 + i**3/3 - 3*i**2 + 2. Let m(g) be the second derivative of p(g). Calculate m(-5).
-3
Let m(y) = y**3 + 6*y**2 + 5*y - 4. Let a = -6 - -8. Let r = a - 6. Let j be (-4)/r*-5*1. Determine m(j).
-4
Let z(w) = w**2 + 3*w + 4*w + 7 + 4*w + 0*w. Let v = -7 + -3. Calculate z(v).
-3
Let u(f) = -4*f + 3. Suppose v + 0*c + 5*c = -34, v + 20 = 2*c. Let h = v + 41. Let y = h - 14. What is u(y)?
-9
Let m(r) be the first derivative of -r**4/4 - 3*r**3 + r**2/2 + 7*r - 61. Calculate m(-9).
-2
Let z(x) be the third derivative of -x**7/2520 - x**6/360 - x**5/120 + x**4/2 - 32*x**2. Let s(l) be the second derivative of z(l). Determine s(-3).
-4
Let v(s) = -23*s**3 + 22*s**3 + 0*s**2 - s**2 - 7*s**2. Give v(-8).
0
Let q(h) = -h**2 + 9*h - 7. Let y(n) = -n**3 - 6*n**2 + 8. Let o be y(-6). Let z be q(o). Let d be (z - 2)*(-1 - -4). Let k(s) = s**2 + 4*s - 1. Give k(d).
-4
Let q(m) be the third derivative of m**7/5040 - m**6/144 - 11*m**5/30 - 22*m**2 + 2*m. Let o(w) be the third derivative of q(w). Give o(6).
1
Let d(i) = i**2. Suppose -2*q - 39 = -43. Give d(q).
4
Suppose -h - 7 = -4*o, 2*h - 8 = o - 4*o. Let t(s) = 4 - o + 14 - s**2 - 3. Calculate t(0).
13
Let m(o) be the second derivative of o**3/2 - o**2/2 + 2*o. Let g be ((-5)/(-10))/((-1)/(-26)). Let f = g - 14. What is m(f)?
-4
Let s(v) be the third derivative of v**7/2520 - v**6/144 - v**5/24 - 3*v**4/4 + 6*v**2. Let a(x) be the second derivative of s(x). Determine a(5).
-5
Let i(x) = 10*x - 14 + 2 + 8 - 8*x. Calculate i(-5).
-14
Let w(c) = -21*c**2 - 33*c - 31. Let k(f) = -13*f**2 - 22*f - 21. Let z(q) = -8*k(q) + 5*w(q). Determine z(13).
-13
Let o be 6 + -1 + 21/(-7). Suppose 2*w - 4*s = -0 + o, -3*s = -4*w + 4. Let m(n) = -2*n**2 + 4*n - 5*n + 0*n - 2*n**2 + 1. Calculate m(w).
-4
Let h(s) = -2*s + 1. Suppose -5 = 2*p - 7. Give h(p).
-1
Let w(l) = l**2 + 0 - 2*l**2 + 5*l - 5. Let z(t) = -t + 1. Let c be z(6). Let p = c - -9. What is w(p)?
-1
Let t(a) be the third derivative of a**6/120 + 7*a**5/60 + a**4/8 + 2*a**3 + 11*a**2 - 3*a. Determine t(-7).
-9
Let v(k) = -k**3 + 11*k**2 - 12*k + 19. Let c be v(10). Let j(g) = -g - 13. Let x(f) = f + 11. Let s(a) = 5*j(a) + 6*x(a). Calculate s(c).
0
Let s(a) = 375 - 743 + 369 - 12*a**2 - 24*a**2. Calculate s(-1).
-35
Let i(g) = 137 - 163 + 38 + g**2 - 9*g. Determine i(9).
12
Suppose 8*q = b + 4*q + 8, 3*b + 3*q - 21 = 0. Let s(t) = t**2. Calculate s(b).
16
Let l be (-6)/(-24) + 38/8. Let s(k) = -5*k**2 + 8*k + 8. Let i(f) = 3*f + 7*f - f - 6*f**2 + 9. Let r(t) = 4*i(t) - 5*s(t). Give r(l).
1
Let f(d) be the third derivative of -d**5/20 - d**4/24 + d**2. Let q(p) = -7*p - 3. Let z be q(-1). Let g(y) = -y**2 + 5*y - 5. Let v be g(z). Give f(v).
-2
Let m(p) = 5*p + 1. Let b(n) = -n**2 + 2*n - 1. Let d be b(-4). Let k be (4/(-10))/(80/d + 3). Calculate m(k).
11
Let d(l) = 5*l - 6. Let f(z) = 5*z. Let n(r) = 11*r + 1. Let o(h) = -7*f(h) + 3*n(h). Let x(k) = 3*d(k) + 7*o(k). Calculate x(-11).
-8
Let w(j) = -j. Suppose -8 = -k - 2. Suppose 0 = 5*i - o + 15, 2*i - 2*o + k*o + 28 = 0. Calculate w(i).
4
Let j(i) = -i**2 + i + 4. Let x = -66 - -53. Let z = x + 17. Give j(z).
-8
Let h(x) = 7*x**3 - 12*x**2 - 15*x + 32. Let p(r) = 11*r**3 - 18*r**2 - 22*r + 48. Let n(d) = -8*h(d) + 5*p(d). Determine n(7).
5
Let y = -324 - -771. Let u(w) = -5*w**3 + 447 + w**2 - y. Calculate u(1).
-4
Let y(u) = 3*u - 2 + 3*u**2 + 1 - 4*u**2 + 5. Suppose -i = -2*i + 4. Calculate y(i).
0
Let i(j) be the first derivative of j**2 + 4/3*j**3 + 3/4*j**4 + 9 - 2*j. Let s = -6 - -4. Calculate i(s).
-14
Let z(o) = 35*o**3 + o. Let u be ((-12)/6 - -6) + -3. Calculate z(u).
36
Let o be (2 - 1)*(100/(-4) - -7). Let h(q) = -q - 21. What is h(o)?
-3
Let w(q) be the first derivative of q**2 + q + 22/3*q**3 + 7. What is w(-1)?
21
Let r = 10 - 6. Let y(f) = 0*f**2 + r*f**2 + 3*f - 3*f**2 - 1. Let k = -2415 + 2412. What is y(k)?
-1
Let x(k) = 6 + k**2 + 3*k**3 - 4*k**3 - 10 + 2*k - 4*k + 1. Calculate x(3).
-27
Let o(a) = -2*a**2 + 0*a**2 - 4 + a**3 + 0. Let b = -11 - -7. Let q be ((-10)/(-15))/(b/(-18)). Calculate o(q).
5
Let n(u) = -u**3 - 7*u**2 - 5*u. Suppose -61*t = -25*t + 216. Calculate n(t).
-6
Let f(k) = -22*k**3 - 9*k**2 + 9*k + 5. Let i(m) = 10*m**3 + 4*m**2 - 4*m - 2. Let a(c) = -3*f(c) - 7*i(c). Determine a(1).
-5
Let a = 106 - 107. Let s(n) = -12*n**2 + n + 1. Calculate s(a).
-12
Let q(o) = o**3 - o**2 + o - 9. Let p(h) = -h**2 - 7*h - 5.